) = -4*u + u - u**2 + 0 + d. Give n(-5).
-5
Let z(y) = 2*y**2 + 7*y - 1. Let h(l) = 20*l - 20. Let x(c) = 7*c - 7. Let q(b) = 6*h(b) - 17*x(b). Let o(g) = -4*q(g) + z(g). What is o(-3)?
12
Let y(w) = 7*w - 4. Let u(a) be the third derivative of -a**4/8 + a**3/3 + 5*a**2. Let q(n) = -9*u(n) - 4*y(n). Calculate q(0).
-2
Let l(c) be the second derivative of c**3/6 + 9*c**2/2 - 18*c. Calculate l(-7).
2
Let l(d) = -8*d**3 + 5*d**2. Let i(y) = 9*y**3 - 6*y**2. Let t(z) = -6*i(z) - 7*l(z). Calculate t(1).
3
Suppose -2*j = 4 - 8. Let g = 6 + -2. Let m(a) = -g*a**2 - 3 + 3*a + 0*a**2 + a**2. Give m(j).
-9
Let y(n) = -11 - 4*n + 0 - n + 7. What is y(-3)?
11
Let k = -11 - -6. Let j(g) = g**3 + 4*g**2 - 6*g - 5. Let z be j(k). Let q(h) = 0 + 25*h - 25*h - h**2 + 2 + h**3. Calculate q(z).
2
Let g be 4 + 4*3/6. Suppose 2*i + 2 = 0, -5*r + g = 3*i - 6. Let q(m) = -2*m + 2. What is q(r)?
-4
Suppose 7 = 4*s - 9*s + 3*j, -2*s - 2*j - 6 = 0. Let o(n) = -n**3 + n**2 - n - 1. Let g(d) = -5*d**3 - 4*d**2 + 4*d + 1. Let c(y) = s*o(y) - g(y). Give c(1).
8
Let o(q) = q**2 + 5*q - 3. Let k(h) = 5*h**2 + 26*h - 16. Let g(f) = 2*k(f) - 11*o(f). Let y(s) be the first derivative of g(s). What is y(3)?
-9
Let q(y) = -7*y - 8. Let d(b) = b + 1. Let v(u) = 5*d(u) + q(u). Suppose 5*l = -10 - 0. Calculate v(l).
1
Let g be 4 + (3 - (4 - -1)). Let m be g/(-4) - 10/(-4). Let l(a) = a**3 - a**2 - 4*a + 3. What is l(m)?
-1
Let m(a) = 4*a + 1. Let i be m(1). Let z(c) = -5 + 2 - 2*c + 3 - 4. Let d(j) = 5*j + 13. Let x(v) = 3*d(v) + 8*z(v). Give x(i).
2
Let z = 4 - 8. Let q = 2 + 0. Let u(a) = a + 0*a**2 - 5*a - 5 - a**q. Determine u(z).
-5
Let m(s) = 142*s + 142*s + s**3 - 278*s + 7 - 2*s**3 - 5*s**2. Let b be 46/(-8) + 1/(-4). Determine m(b).
7
Let h(f) be the third derivative of f**5/60 + f**4/8 - f**3/6 + 8*f**2. Determine h(-5).
9
Suppose 5*w - 10 - 5 = 0. Let a(d) = -3*d - 3*d - 5 + 5*d**w + 2 + 4*d**2. Let g(o) = 16*o**3 + 11*o**2 - 17*o - 8. Let b(j) = -11*a(j) + 4*g(j). Give b(1).
8
Let r(b) be the third derivative of -b**6/720 - b**5/120 + b**4/12 + 2*b**2. Let z(k) be the second derivative of r(k). Let y = -1 - 2. What is z(y)?
2
Suppose -2*k + 2 = -k. Let t(h) = 8 - 4*h**2 - 6*h - 9*h**k + 12*h**2. Calculate t(-6).
8
Let c = 61 + -62. Let z(o) = 3*o + 1. Determine z(c).
-2
Let h(p) be the third derivative of -p**5/30 - p**3/6 + p**2. Let t = -32 + 30. What is h(t)?
-9
Let v(w) be the second derivative of -w**3/6 - w**2 + w. Let s(c) = c**3 - 9*c**2 - 12*c + 7. Let z be s(10). Let g = z - -13. Calculate v(g).
-2
Let b(j) = -6*j - 21. Let r(m) = 20 - 34 + 28 + 4*m. Let i(n) = 5*b(n) + 8*r(n). Let z(l) = -2*l**2 - 4*l. Let f be z(-3). Determine i(f).
-5
Let b = -44 + 40. Suppose 7*g - 3*g - 8 = 0. Let f(h) = -5*h**2 + 2 - 3*h + 4*h**g + 0. Calculate f(b).
-2
Let q(u) = 11*u - 2 + 4*u + 4 - 13*u - u**2. Determine q(-2).
-6
Let g(k) = -k + 4. Let i be ((-21)/(-35))/((-2)/(-10)). Give g(i).
1
Let g = 1 - -2. Let u be (-1)/(-3) + 10/6. Let x(l) = 6*l**2 - 5*l**u + 3*l**2 - l - l**3 - 1. Give x(g).
5
Let i(g) = 3*g**2 + g - 1. Let w(n) = n**3 - 9*n**2 + 13*n + 8. Let t be w(7). Calculate i(t).
3
Let s(o) = -8*o - 3*o**2 + 4*o**2 + o**2 + 3 - 3*o**2. Determine s(-5).
18
Let b(k) be the first derivative of -k**7/840 - k**6/360 + k**5/60 - k**4/24 - 2*k**3/3 + 2. Let n(v) be the third derivative of b(v). Calculate n(-2).
-1
Suppose 14 = -4*b - 3*z, b - 6 = 2*b + 2*z. Let y(x) = -3 + 2 - x**3 + 4 - 2*x**2 - 4 - 3*x. Give y(b).
5
Let q(t) = 5*t**2 + 15*t - 1. Let s(p) = -2*p**2 - 7*p + 1. Let v(f) = -3*q(f) - 7*s(f). Suppose -9 = -2*c - 1. What is v(c)?
-4
Let x(m) = -4*m**2 - m. Let c be x(-1). Let u(r) be the first derivative of -r**4/4 - 4*r**3/3 - 3*r**2/2 - 4*r + 7. Determine u(c).
-4
Suppose -7*v + 5*w - 73 = -3*v, 4*w - 32 = v. Let u = -7 - v. Let o(n) = -n**2 - n + 1. Let b(r) = -5*r**2 + 4. Let q(y) = -b(y) + 4*o(y). What is q(u)?
5
Let z(d) = -26*d**2 - 5 - 32*d**2 + 57*d**2. Calculate z(0).
-5
Let k(m) = m + 1. Let j(o) = 3*o + 5. Let a(p) = j(p) - 2*k(p). What is a(-8)?
-5
Let i be -5 + 7 - (1 - -2). Let s(a) be the second derivative of 1/2*a**2 + 1/6*a**3 - 2*a - 7/12*a**4 + 0. Give s(i).
-7
Let x(w) be the third derivative of -w**5/60 - w**4/6 - w**3/6 + 2*w**2. Suppose 4*h - 7*v + 3*v = 4, 0 = -2*v - 10. Calculate x(h).
-1
Let o(x) be the second derivative of -x**6/360 + x**4/24 + x**3/2 + x. Let n(p) be the second derivative of o(p). What is n(3)?
-8
Let a(j) = -j + 6. Let v = 18 - 16. Let d be 259/42 - v/12. What is a(d)?
0
Let c be 2/9 - 959/63. Let w = c + 10. Let r(b) = b + 8. Determine r(w).
3
Let i(u) = -u + 2. Let g be (-1 + (-6)/(-4))*2. Let x(b) = -b - 1. Let m(q) = g*x(q) + i(q). Let s be (-3 - -2)*4/2. What is m(s)?
5
Suppose 0*u = 4*u - 8. Let b(t) = 2 + 3*t + 3*t**2 + 1 + 3*t - 2*t**u. Determine b(-4).
-5
Let s(b) = -b - 5. Let j(a) = a + 4. Let p(f) = 4*j(f) + 3*s(f). What is p(-5)?
-4
Suppose -2 = 3*u - 8. Let w(k) = 10*k - 2*k**u + 6*k**2 + 2 - 4*k - 3*k**2. Give w(-5).
-3
Let n(g) be the second derivative of g**3 - 3*g. Let b be 1/(-2 + 2 + -1). What is n(b)?
-6
Let n(y) be the third derivative of y**5/60 - y**4/6 + y**3/2 - y**2. Let a be -2*((-8)/2)/(3 - 1). Determine n(a).
3
Let c(h) = -2*h + 3. Let i be ((-4)/(-3))/(3/(-18)*2). Calculate c(i).
11
Let w(m) be the third derivative of m**9/60480 - m**8/2240 + m**7/560 - m**6/120 + m**5/20 + 7*m**2. Let t(d) be the third derivative of w(d). Calculate t(8).
2
Let j(x) = 0*x + 0*x - x**2 + 12. Let a = -14 + 14. Suppose -4*z + 5*z = a. Give j(z).
12
Let y(h) = h + 5 - 18 + 7. Determine y(0).
-6
Let o(b) be the first derivative of -b**7/840 + b**6/180 + b**5/24 - b**4/8 - 2*b**3/3 + 2. Let u(w) be the third derivative of o(w). Determine u(3).
3
Let s(j) = 2*j**2 + j - j - 1. Let g(u) = -u - 5. Let a be g(-3). Let n = 0 + a. What is s(n)?
7
Let v(w) be the second derivative of -w**3/6 - w**2/2 + 3*w. Determine v(2).
-3
Let w(k) = -4*k - 9. Let i(l) = 3*l + 6. Let y(s) = -7*i(s) - 5*w(s). What is y(-4)?
7
Let a(o) be the first derivative of o**2/2 - 3*o - 3. Let v be a(9). Let p(f) = -f**2 + 6*f - 3. Calculate p(v).
-3
Let m(p) = 2*p**2 + 4*p + 2. Let y be m(-2). Suppose -28 = -4*a - 12. Let l(k) = k + a - 2 - y - 6. Give l(3).
-3
Suppose 0*r + 30 = 3*r. Let y = r + -6. Let l(g) = -y*g - 3 + 4 + 3*g. Give l(3).
-2
Suppose -1 = -y + 4. Let n(j) = 2*j + 166 - j - 162. Calculate n(y).
9
Suppose -2*n = -5*s - 2, n + n = -3*s + 2. Let q(g) be the third derivative of 2*g**2 + s + 1/6*g**3 - 1/12*g**5 + 0*g**4 + 0*g. Determine q(1).
-4
Suppose c + 5 = -0*c. Let j(k) = -k**2 - 4*k + 5. Give j(c).
0
Let n(s) be the second derivative of 9/2*s**2 + s + 1/3*s**3 + 1/2*s**4 + 1/20*s**5 + 0. Give n(-6).
-3
Let g(n) = -n + 5. Suppose 5*m + 0*m = 10. Suppose -5*q - 4 = m*y - 3*y, 3*y = q + 12. What is g(y)?
1
Suppose 0*w = -3*w. Suppose w = -4*u - 5*b + 5, 0*u - 4*b + 4 = 3*u. Let h(o) = 3 - 2 + u - 2*o + 0*o. What is h(4)?
-7
Let q = 211/138 + -2/69. Let f(w) be the first derivative of -q*w**2 + 4*w - 1 - 5/3*w**3 - 1/4*w**4. Determine f(-3).
-5
Let m(n) be the second derivative of -n**3/3 + 5*n**2/2 + n. Suppose -6*h - 5*g = -11*h - 10, 5*g = 2*h + 10. Suppose h = -5*x - 10 + 35. What is m(x)?
-5
Let s(a) = 0*a**2 + 0 + 5 + 2*a**2 - 3*a**2. What is s(0)?
5
Let t(g) = 9 + 8*g**2 - 2 - g**3 + 0*g**3. Calculate t(8).
7
Let j(r) = r**2 + r - 1. Let z be j(2). Suppose t + 3*y = y + 10, 5 = 5*t - z*y. Let f(u) = -u**3 + 5*u**2 - 5*u + 1. What is f(t)?
-3
Let l(s) = -s**3 - 3*s**2 + 7*s - 6. Let o(f) = f**2 - f + 1. Let q(k) = -l(k) - 5*o(k). Give q(-2).
-11
Let m(h) = h + 2. Suppose -8*n + 5*n - 21 = 0. Determine m(n).
-5
Let d be -2 + 1 + (-2 - 1). Let n(v) = v**3 - v + 1. Let o(l) = -5*l**2 - 7*l - 1. Let p(w) = -n(w) + o(w). What is p(d)?
6
Let c(t) = 4*t - 20. Suppose -3 = -3*q + 3. Let y(w) = w - 7. Let v(m) = q*c(m) - 7*y(m). Give v(0).
9
Let g(a) = 5*a**3 + 4*a**2 + 14*a + 21. Let r(s) = 2*s**3 + s**2 + 5*s + 7. Let h(i) = -3*g(i) + 8*r(i). Give h(5).
8
Let g(q) be the first derivative of 9*q**2/2 + 12*q - 1. Let h(v) = -3*v - 4. Let k(t) = -2*g(t) - 7*h(t). Calculate k(-5).
-11
Let w(u) be the first derivative of -u**4/4 + 7*u**3/3 - 3*u**2 + 6*u + 5. What is w(6)?
6
Let b(m) be the second derivative of m**5/20 - m**